{"id":1670,"date":"2017-01-30T15:11:24","date_gmt":"2017-01-30T17:11:24","guid":{"rendered":"http:\/\/www.fisiocti.com\/site\/cursos\/neuropediatria-intensiva\/"},"modified":"2023-05-17T07:27:35","modified_gmt":"2023-05-17T10:27:35","slug":"neuropediatria-intensiva","status":"publish","type":"product","link":"https:\/\/fisiocti.com\/site\/cursos\/neuropediatria-intensiva\/","title":{"rendered":"APRIMORAMENTO NEUROPEDIATRIA"},"content":{"rendered":"<p><strong>CONTE\u00daDO PROGRAM\u00c1TICO<\/strong><\/p>\n<p><strong>M\u00d3DULO 1 &#8211; NEUROLOGIA DO DESENVOLVIMENTO<\/strong><\/p>\n<ul>\n<li>Embriologia<\/li>\n<li>Desenvolvimento neurol\u00f3gico<\/li>\n<\/ul>\n<p><strong>M\u00d3DULO 2 &#8211; DESENVOLVIMENTO\u00a0<\/strong><\/p>\n<ul>\n<li>Desenvolvimento motor normal de 0 a 12 meses<\/li>\n<\/ul>\n<p><strong>M\u00d3DULO 3-\u00a0AVALIA\u00c7\u00c3O DO DESENVOLVIMENTO<\/strong><\/p>\n<ul>\n<li>Avalia\u00e7\u00e3o neonatal e instrumentos de avalia\u00e7\u00e3o\n<ul>\n<li>Diferen\u00e7as entre neonato a termo e neonato prematuro<\/li>\n<li>Escalas de Avalia\u00e7\u00e3o\n<ul>\n<li>Alberta Infant Motor Scale (AIMS)<\/li>\n<li>Denver II<\/li>\n<\/ul>\n<\/li>\n<\/ul>\n<\/li>\n<\/ul>\n<p><strong>M\u00d3DULO 4 &#8211;\u00a0PREMATURIDADE<\/strong><\/p>\n<ul>\n<li>Repercuss\u00f5es na motricidade e desenvolvimento<\/li>\n<li>Avalia\u00e7\u00e3o neonatal<\/li>\n<li>Orienta\u00e7\u00f5es na alta da UTI<\/li>\n<li>Crit\u00e9rios para indica\u00e7\u00e3o de Fisioterapia no primeiro ano de vida\n<ul>\n<li>Orienta\u00e7\u00e3o domiciliar<\/li>\n<li>Introdu\u00e7\u00e3o ao tratamento<\/li>\n<li>Frequ\u00eancia do tratamento<\/li>\n<li>Import\u00e2ncia da avalia\u00e7\u00e3o evolutiva<\/li>\n<\/ul>\n<\/li>\n<\/ul>\n<p><strong>M\u00d3DULO 5 &#8211;\u00a0PARALISIA CEREBRAL\u00a0<\/strong><\/p>\n<ul>\n<li>Etiologia e fisiopatologia:\n<ul>\n<li>An\u00f3xia perinatal<\/li>\n<li>Encefalopatia hip\u00f3xico-isqu\u00eamica<\/li>\n<li>Hiperbilirrubinemia<\/li>\n<\/ul>\n<\/li>\n<li>Diagnostico fisioterap\u00eautico<\/li>\n<li>Classifica\u00e7\u00e3o e identifica\u00e7\u00e3o das anormalidades\n<ul>\n<li>Espasticidade<\/li>\n<li>Atetose<\/li>\n<li>Ataxias<\/li>\n<\/ul>\n<\/li>\n<li>Avalia\u00e7\u00e3o e Identifica\u00e7\u00e3o do n\u00edvel funcional<\/li>\n<li>Orienta\u00e7\u00e3o para o tratamento<\/li>\n<li>Escala de Ashworth modificada<\/li>\n<li>GMFCS- Sistema de Classifica\u00e7\u00e3o da Fun\u00e7\u00e3o motora grossa<\/li>\n<\/ul>\n","protected":false},"excerpt":{"rendered":"<table width=\"100%\">\n<tbody>\n<tr>\n<td width=\"50%\"><strong>P\u00daBLICO ALVO<\/strong><br \/>\nFisioterapeutas e acad\u00eamicos\u00a0no \u00faltimo per\u00edodo.<\/td>\n<td width=\"50%\"><strong>CARGA HOR\u00c1RIA<\/strong><br \/>\n64 horas<\/td>\n<\/tr>\n<tr>\n<td width=\"50%\"><strong>PR\u00d3XIMA TURMA<\/strong><br \/>\nIn\u00edcio: 03\/09\/2019 &#8211; Matriculas encerradas<\/td>\n<td width=\"50%\"><strong>LOCAL<\/strong><br \/>\nRIO DE JANEIRO \/ RJ<\/td>\n<\/tr>\n<\/tbody>\n<\/table>\n<p><a href=\"https:\/\/api.whatsapp.com\/send?phone=5521982427985&amp;text=Gostaria%20de%20informa%C3%A7%C3%B5es%20sobre%20as%20formas%20de%20pagamento%20do%20curso%20de%20Aprimoramento%20em%20Neuropediatria\"><img loading=\"lazy\" class=\"aligncenter wp-image-2701\" src=\"http:\/\/www.fisiocti.com\/site\/wp-content\/uploads\/2018\/01\/BOT\u00c3O-PARCELAMENTO-EM-BOLETO-300x101.jpg\" alt=\"BOT\u00c3O PARCELAMENTO EM BOLETO\" width=\"200\" height=\"67\" srcset=\"https:\/\/fisiocti.com\/site\/wp-content\/uploads\/2018\/01\/BOT\u00c3O-PARCELAMENTO-EM-BOLETO-300x101.jpg 300w, https:\/\/fisiocti.com\/site\/wp-content\/uploads\/2018\/01\/BOT\u00c3O-PARCELAMENTO-EM-BOLETO.jpg 400w\" sizes=\"(max-width: 200px) 100vw, 200px\" \/><\/a><\/p>\n<p>O Programa de Aperfei\u00e7oamento Profissional para Fisioterapeutas em Neuropediatria visa preparar profissionais para um segmento extremamente carente de capacita\u00e7\u00e3o.<\/p>\n<p>O Programa, assim como todos os nossos cursos, traz um conte\u00fado voltado para pr\u00e1tica cl\u00ednica, visando formar novos profissionais e tamb\u00e9m reciclar os fisioterapeutas que est\u00e3o em campo com as mais recentes descobertas, pr\u00e1ticas e metodologia de avalia\u00e7\u00e3o e tratamento desses pequenos pacientes.<\/p>\n","protected":false},"featured_media":2325,"comment_status":"open","ping_status":"closed","template":"","meta":[],"yoast_head":"<!-- This site is optimized with the Yoast SEO plugin v20.1 - https:\/\/yoast.com\/wordpress\/plugins\/seo\/ -->\n<title>APRIMORAMENTO NEUROPEDIATRIA - FisioCTI<\/title>\n<meta name=\"robots\" content=\"index, follow, max-snippet:-1, max-image-preview:large, max-video-preview:-1\" \/>\n<link rel=\"canonical\" href=\"https:\/\/fisiocti.com\/site\/cursos\/neuropediatria-intensiva\/\" \/>\n<meta property=\"og:locale\" content=\"pt_BR\" \/>\n<meta property=\"og:type\" content=\"article\" \/>\n<meta property=\"og:title\" content=\"APRIMORAMENTO NEUROPEDIATRIA - FisioCTI\" \/>\n<meta property=\"og:description\" content=\"P\u00daBLICO ALVO Fisioterapeutas e acad\u00eamicos\u00a0no \u00faltimo per\u00edodo. CARGA HOR\u00c1RIA 64 horas   PR\u00d3XIMA TURMA In\u00edcio: 03\/09\/2019 - Matriculas encerradas LOCAL RIO DE JANEIRO \/ RJ      O Programa de Aperfei\u00e7oamento Profissional para Fisioterapeutas em Neuropediatria visa preparar profissionais para um segmento extremamente carente de capacita\u00e7\u00e3o.  O Programa, assim como todos os nossos cursos, traz um conte\u00fado voltado para pr\u00e1tica cl\u00ednica, visando formar novos profissionais e tamb\u00e9m reciclar os fisioterapeutas que est\u00e3o em campo com as mais recentes descobertas, pr\u00e1ticas e metodologia de avalia\u00e7\u00e3o e tratamento desses pequenos pacientes.\" \/>\n<meta property=\"og:url\" content=\"https:\/\/fisiocti.com\/site\/cursos\/neuropediatria-intensiva\/\" \/>\n<meta property=\"og:site_name\" content=\"FisioCTI\" \/>\n<meta property=\"article:publisher\" content=\"https:\/\/www.facebook.com\/fisiocti\/\" \/>\n<meta property=\"article:modified_time\" content=\"2023-05-17T10:27:35+00:00\" \/>\n<meta property=\"og:image\" content=\"https:\/\/fisiocti.com\/site\/wp-content\/uploads\/2017\/01\/ANUNCIO-APRIMORAMENTO-NEUROPED-New-e1500056856334.jpg\" \/>\n\t<meta property=\"og:image:width\" content=\"504\" \/>\n\t<meta property=\"og:image:height\" content=\"504\" \/>\n\t<meta property=\"og:image:type\" content=\"image\/jpeg\" \/>\n<meta name=\"twitter:card\" content=\"summary_large_image\" \/>\n<meta name=\"twitter:label1\" content=\"Est. tempo de leitura\" \/>\n\t<meta name=\"twitter:data1\" content=\"1 minuto\" \/>\n<script type=\"application\/ld+json\" class=\"yoast-schema-graph\">{\"@context\":\"https:\/\/schema.org\",\"@graph\":[{\"@type\":\"WebPage\",\"@id\":\"https:\/\/fisiocti.com\/site\/cursos\/neuropediatria-intensiva\/\",\"url\":\"https:\/\/fisiocti.com\/site\/cursos\/neuropediatria-intensiva\/\",\"name\":\"APRIMORAMENTO NEUROPEDIATRIA - FisioCTI\",\"isPartOf\":{\"@id\":\"https:\/\/fisiocti.com\/site\/#website\"},\"datePublished\":\"2017-01-30T17:11:24+00:00\",\"dateModified\":\"2023-05-17T10:27:35+00:00\",\"breadcrumb\":{\"@id\":\"https:\/\/fisiocti.com\/site\/cursos\/neuropediatria-intensiva\/#breadcrumb\"},\"inLanguage\":\"pt-BR\",\"potentialAction\":[{\"@type\":\"ReadAction\",\"target\":[\"https:\/\/fisiocti.com\/site\/cursos\/neuropediatria-intensiva\/\"]}]},{\"@type\":\"BreadcrumbList\",\"@id\":\"https:\/\/fisiocti.com\/site\/cursos\/neuropediatria-intensiva\/#breadcrumb\",\"itemListElement\":[{\"@type\":\"ListItem\",\"position\":1,\"name\":\"In\u00edcio\",\"item\":\"https:\/\/fisiocti.com\/site\/\"},{\"@type\":\"ListItem\",\"position\":2,\"name\":\"Produtos\",\"item\":\"https:\/\/fisiocti.com\/site\/produtos\/\"},{\"@type\":\"ListItem\",\"position\":3,\"name\":\"APRIMORAMENTO NEUROPEDIATRIA\"}]},{\"@type\":\"WebSite\",\"@id\":\"https:\/\/fisiocti.com\/site\/#website\",\"url\":\"https:\/\/fisiocti.com\/site\/\",\"name\":\"FisioCTI\",\"description\":\"Conectando teoria e pr\u00e1tica\",\"publisher\":{\"@id\":\"https:\/\/fisiocti.com\/site\/#\/schema\/person\/e41d8e5a7a403cfbceeeb0d19e22ee50\"},\"potentialAction\":[{\"@type\":\"SearchAction\",\"target\":{\"@type\":\"EntryPoint\",\"urlTemplate\":\"https:\/\/fisiocti.com\/site\/?s={search_term_string}\"},\"query-input\":\"required name=search_term_string\"}],\"inLanguage\":\"pt-BR\"},{\"@type\":[\"Person\",\"Organization\"],\"@id\":\"https:\/\/fisiocti.com\/site\/#\/schema\/person\/e41d8e5a7a403cfbceeeb0d19e22ee50\",\"name\":\"Elizabeth Cunha\",\"image\":{\"@type\":\"ImageObject\",\"inLanguage\":\"pt-BR\",\"@id\":\"https:\/\/fisiocti.com\/site\/#\/schema\/person\/image\/\",\"url\":\"https:\/\/fisiocti.com\/site\/wp-content\/uploads\/2022\/09\/LOGOMARCA-SEM-FUNDO.png\",\"contentUrl\":\"https:\/\/fisiocti.com\/site\/wp-content\/uploads\/2022\/09\/LOGOMARCA-SEM-FUNDO.png\",\"width\":504,\"height\":504,\"caption\":\"Elizabeth Cunha\"},\"logo\":{\"@id\":\"https:\/\/fisiocti.com\/site\/#\/schema\/person\/image\/\"},\"sameAs\":[\"https:\/\/www.facebook.com\/fisiocti\/\",\"https:\/\/www.instagram.com\/fisiocti\/\",\"https:\/\/twitter.com\/https:\/\/www.twitter.com\/fisiocti\/\",\"https:\/\/www.youtube.com\/@fisiocti\"]}]}<\/script>\n<!-- \/ Yoast SEO plugin. -->","yoast_head_json":{"title":"APRIMORAMENTO NEUROPEDIATRIA - FisioCTI","robots":{"index":"index","follow":"follow","max-snippet":"max-snippet:-1","max-image-preview":"max-image-preview:large","max-video-preview":"max-video-preview:-1"},"canonical":"https:\/\/fisiocti.com\/site\/cursos\/neuropediatria-intensiva\/","og_locale":"pt_BR","og_type":"article","og_title":"APRIMORAMENTO NEUROPEDIATRIA - FisioCTI","og_description":"P\u00daBLICO ALVO Fisioterapeutas e acad\u00eamicos\u00a0no \u00faltimo per\u00edodo. CARGA HOR\u00c1RIA 64 horas   PR\u00d3XIMA TURMA In\u00edcio: 03\/09\/2019 - Matriculas encerradas LOCAL RIO DE JANEIRO \/ RJ      O Programa de Aperfei\u00e7oamento Profissional para Fisioterapeutas em Neuropediatria visa preparar profissionais para um segmento extremamente carente de capacita\u00e7\u00e3o.  O Programa, assim como todos os nossos cursos, traz um conte\u00fado voltado para pr\u00e1tica cl\u00ednica, visando formar novos profissionais e tamb\u00e9m reciclar os fisioterapeutas que est\u00e3o em campo com as mais recentes descobertas, pr\u00e1ticas e metodologia de avalia\u00e7\u00e3o e tratamento desses pequenos pacientes.","og_url":"https:\/\/fisiocti.com\/site\/cursos\/neuropediatria-intensiva\/","og_site_name":"FisioCTI","article_publisher":"https:\/\/www.facebook.com\/fisiocti\/","article_modified_time":"2023-05-17T10:27:35+00:00","og_image":[{"width":504,"height":504,"url":"https:\/\/fisiocti.com\/site\/wp-content\/uploads\/2017\/01\/ANUNCIO-APRIMORAMENTO-NEUROPED-New-e1500056856334.jpg","type":"image\/jpeg"}],"twitter_card":"summary_large_image","twitter_misc":{"Est. tempo de leitura":"1 minuto"},"schema":{"@context":"https:\/\/schema.org","@graph":[{"@type":"WebPage","@id":"https:\/\/fisiocti.com\/site\/cursos\/neuropediatria-intensiva\/","url":"https:\/\/fisiocti.com\/site\/cursos\/neuropediatria-intensiva\/","name":"APRIMORAMENTO NEUROPEDIATRIA - FisioCTI","isPartOf":{"@id":"https:\/\/fisiocti.com\/site\/#website"},"datePublished":"2017-01-30T17:11:24+00:00","dateModified":"2023-05-17T10:27:35+00:00","breadcrumb":{"@id":"https:\/\/fisiocti.com\/site\/cursos\/neuropediatria-intensiva\/#breadcrumb"},"inLanguage":"pt-BR","potentialAction":[{"@type":"ReadAction","target":["https:\/\/fisiocti.com\/site\/cursos\/neuropediatria-intensiva\/"]}]},{"@type":"BreadcrumbList","@id":"https:\/\/fisiocti.com\/site\/cursos\/neuropediatria-intensiva\/#breadcrumb","itemListElement":[{"@type":"ListItem","position":1,"name":"In\u00edcio","item":"https:\/\/fisiocti.com\/site\/"},{"@type":"ListItem","position":2,"name":"Produtos","item":"https:\/\/fisiocti.com\/site\/produtos\/"},{"@type":"ListItem","position":3,"name":"APRIMORAMENTO NEUROPEDIATRIA"}]},{"@type":"WebSite","@id":"https:\/\/fisiocti.com\/site\/#website","url":"https:\/\/fisiocti.com\/site\/","name":"FisioCTI","description":"Conectando teoria e pr\u00e1tica","publisher":{"@id":"https:\/\/fisiocti.com\/site\/#\/schema\/person\/e41d8e5a7a403cfbceeeb0d19e22ee50"},"potentialAction":[{"@type":"SearchAction","target":{"@type":"EntryPoint","urlTemplate":"https:\/\/fisiocti.com\/site\/?s={search_term_string}"},"query-input":"required name=search_term_string"}],"inLanguage":"pt-BR"},{"@type":["Person","Organization"],"@id":"https:\/\/fisiocti.com\/site\/#\/schema\/person\/e41d8e5a7a403cfbceeeb0d19e22ee50","name":"Elizabeth Cunha","image":{"@type":"ImageObject","inLanguage":"pt-BR","@id":"https:\/\/fisiocti.com\/site\/#\/schema\/person\/image\/","url":"https:\/\/fisiocti.com\/site\/wp-content\/uploads\/2022\/09\/LOGOMARCA-SEM-FUNDO.png","contentUrl":"https:\/\/fisiocti.com\/site\/wp-content\/uploads\/2022\/09\/LOGOMARCA-SEM-FUNDO.png","width":504,"height":504,"caption":"Elizabeth Cunha"},"logo":{"@id":"https:\/\/fisiocti.com\/site\/#\/schema\/person\/image\/"},"sameAs":["https:\/\/www.facebook.com\/fisiocti\/","https:\/\/www.instagram.com\/fisiocti\/","https:\/\/twitter.com\/https:\/\/www.twitter.com\/fisiocti\/","https:\/\/www.youtube.com\/@fisiocti"]}]}},"_links":{"self":[{"href":"https:\/\/fisiocti.com\/site\/wp-json\/wp\/v2\/product\/1670"}],"collection":[{"href":"https:\/\/fisiocti.com\/site\/wp-json\/wp\/v2\/product"}],"about":[{"href":"https:\/\/fisiocti.com\/site\/wp-json\/wp\/v2\/types\/product"}],"replies":[{"embeddable":true,"href":"https:\/\/fisiocti.com\/site\/wp-json\/wp\/v2\/comments?post=1670"}],"wp:featuredmedia":[{"embeddable":true,"href":"https:\/\/fisiocti.com\/site\/wp-json\/wp\/v2\/media\/2325"}],"wp:attachment":[{"href":"https:\/\/fisiocti.com\/site\/wp-json\/wp\/v2\/media?parent=1670"}],"curies":[{"name":"wp","href":"https:\/\/api.w.org\/{rel}","templated":true}]}}