{"id":2020,"date":"2017-04-10T20:48:25","date_gmt":"2017-04-10T23:48:25","guid":{"rendered":"http:\/\/www.fisiocti.com\/site\/?post_type=product&#038;p=2020"},"modified":"2017-11-06T12:12:57","modified_gmt":"2017-11-06T14:12:57","slug":"diagnostico-por-imagem-em-pediatria-revisao-de-casos","status":"publish","type":"product","link":"https:\/\/fisiocti.com\/site\/cursos\/diagnostico-por-imagem-em-pediatria-revisao-de-casos\/","title":{"rendered":"DIAGN\u00d3STICO POR IMAGEM EM PEDIATRIA -REVIS\u00c3O DE CASOS"},"content":{"rendered":"<p>Trata-se da primeira publica\u00e7\u00e3o nacional sobre o tema, Diagn\u00f3stico por Imagem em Pediatria do Instituto Materno-Infantil Professor Fernando Figueira, focada na t\u00e9cnica do aprendizado baseado em problemas. Esse novo modelo pedag\u00f3gico possibilita o envolvimento do leitor de maneira ativa nos processos de ensino-aprendizagem, capacitando-o dentro de um processo construtivo para um exerc\u00edcio cr\u00edtico e investigador da medicina.<\/p>\n","protected":false},"excerpt":{"rendered":"<p><strong>Edi\u00e7\u00e3o:<\/strong> 1<br \/>\n<strong>Ano<\/strong>: 2006<br \/>\n<strong>Idioma<\/strong>: Portugu\u00eas<br \/>\n<strong>Autor:<\/strong> Cavalcante\/IMIP<br \/>\n<strong>P\u00e1ginas:<\/strong> 328<br \/>\n<strong>Editora<\/strong>: Medbook<br \/>\n<strong>ISBN<\/strong>: 85-99977-04-0<br \/>\n<strong>Encaderna\u00e7\u00e3o:<\/strong> Brochura<\/p>\n","protected":false},"featured_media":2022,"comment_status":"closed","ping_status":"closed","template":"","meta":[],"yoast_head":"<!-- This site is optimized with the Yoast SEO plugin v20.1 - https:\/\/yoast.com\/wordpress\/plugins\/seo\/ -->\n<title>DIAGN\u00d3STICO POR IMAGEM EM PEDIATRIA -REVIS\u00c3O DE CASOS - FisioCTI<\/title>\n<meta name=\"robots\" content=\"index, follow, max-snippet:-1, max-image-preview:large, max-video-preview:-1\" \/>\n<link rel=\"canonical\" href=\"https:\/\/fisiocti.com\/site\/cursos\/diagnostico-por-imagem-em-pediatria-revisao-de-casos\/\" \/>\n<meta property=\"og:locale\" content=\"pt_BR\" \/>\n<meta property=\"og:type\" content=\"article\" \/>\n<meta property=\"og:title\" content=\"DIAGN\u00d3STICO POR IMAGEM EM PEDIATRIA -REVIS\u00c3O DE CASOS - FisioCTI\" \/>\n<meta property=\"og:description\" content=\"Edi\u00e7\u00e3o: 1 Ano: 2006 Idioma: Portugu\u00eas Autor: Cavalcante\/IMIP P\u00e1ginas: 328 Editora: Medbook ISBN: 85-99977-04-0 Encaderna\u00e7\u00e3o: Brochura\" \/>\n<meta property=\"og:url\" content=\"https:\/\/fisiocti.com\/site\/cursos\/diagnostico-por-imagem-em-pediatria-revisao-de-casos\/\" \/>\n<meta property=\"og:site_name\" content=\"FisioCTI\" \/>\n<meta property=\"article:publisher\" content=\"https:\/\/www.facebook.com\/fisiocti\/\" \/>\n<meta property=\"article:modified_time\" content=\"2017-11-06T14:12:57+00:00\" \/>\n<meta property=\"og:image\" content=\"https:\/\/fisiocti.com\/site\/wp-content\/uploads\/2017\/04\/CAPA-Diagn\u00f3stico-Por-Imagem-em-Pediatria-Revis\u00e3o-de-Casos.jpg\" \/>\n\t<meta property=\"og:image:width\" content=\"400\" \/>\n\t<meta property=\"og:image:height\" content=\"600\" \/>\n\t<meta property=\"og:image:type\" content=\"image\/jpeg\" \/>\n<meta name=\"twitter:card\" content=\"summary_large_image\" \/>\n<script type=\"application\/ld+json\" class=\"yoast-schema-graph\">{\"@context\":\"https:\/\/schema.org\",\"@graph\":[{\"@type\":\"WebPage\",\"@id\":\"https:\/\/fisiocti.com\/site\/cursos\/diagnostico-por-imagem-em-pediatria-revisao-de-casos\/\",\"url\":\"https:\/\/fisiocti.com\/site\/cursos\/diagnostico-por-imagem-em-pediatria-revisao-de-casos\/\",\"name\":\"DIAGN\u00d3STICO POR IMAGEM EM PEDIATRIA -REVIS\u00c3O DE CASOS - FisioCTI\",\"isPartOf\":{\"@id\":\"https:\/\/fisiocti.com\/site\/#website\"},\"datePublished\":\"2017-04-10T23:48:25+00:00\",\"dateModified\":\"2017-11-06T14:12:57+00:00\",\"breadcrumb\":{\"@id\":\"https:\/\/fisiocti.com\/site\/cursos\/diagnostico-por-imagem-em-pediatria-revisao-de-casos\/#breadcrumb\"},\"inLanguage\":\"pt-BR\",\"potentialAction\":[{\"@type\":\"ReadAction\",\"target\":[\"https:\/\/fisiocti.com\/site\/cursos\/diagnostico-por-imagem-em-pediatria-revisao-de-casos\/\"]}]},{\"@type\":\"BreadcrumbList\",\"@id\":\"https:\/\/fisiocti.com\/site\/cursos\/diagnostico-por-imagem-em-pediatria-revisao-de-casos\/#breadcrumb\",\"itemListElement\":[{\"@type\":\"ListItem\",\"position\":1,\"name\":\"In\u00edcio\",\"item\":\"https:\/\/fisiocti.com\/site\/\"},{\"@type\":\"ListItem\",\"position\":2,\"name\":\"Produtos\",\"item\":\"https:\/\/fisiocti.com\/site\/produtos\/\"},{\"@type\":\"ListItem\",\"position\":3,\"name\":\"DIAGN\u00d3STICO POR IMAGEM EM PEDIATRIA -REVIS\u00c3O DE CASOS\"}]},{\"@type\":\"WebSite\",\"@id\":\"https:\/\/fisiocti.com\/site\/#website\",\"url\":\"https:\/\/fisiocti.com\/site\/\",\"name\":\"FisioCTI\",\"description\":\"Conectando teoria e pr\u00e1tica\",\"publisher\":{\"@id\":\"https:\/\/fisiocti.com\/site\/#\/schema\/person\/e41d8e5a7a403cfbceeeb0d19e22ee50\"},\"potentialAction\":[{\"@type\":\"SearchAction\",\"target\":{\"@type\":\"EntryPoint\",\"urlTemplate\":\"https:\/\/fisiocti.com\/site\/?s={search_term_string}\"},\"query-input\":\"required name=search_term_string\"}],\"inLanguage\":\"pt-BR\"},{\"@type\":[\"Person\",\"Organization\"],\"@id\":\"https:\/\/fisiocti.com\/site\/#\/schema\/person\/e41d8e5a7a403cfbceeeb0d19e22ee50\",\"name\":\"Elizabeth Cunha\",\"image\":{\"@type\":\"ImageObject\",\"inLanguage\":\"pt-BR\",\"@id\":\"https:\/\/fisiocti.com\/site\/#\/schema\/person\/image\/\",\"url\":\"https:\/\/fisiocti.com\/site\/wp-content\/uploads\/2022\/09\/LOGOMARCA-SEM-FUNDO.png\",\"contentUrl\":\"https:\/\/fisiocti.com\/site\/wp-content\/uploads\/2022\/09\/LOGOMARCA-SEM-FUNDO.png\",\"width\":504,\"height\":504,\"caption\":\"Elizabeth Cunha\"},\"logo\":{\"@id\":\"https:\/\/fisiocti.com\/site\/#\/schema\/person\/image\/\"},\"sameAs\":[\"https:\/\/www.facebook.com\/fisiocti\/\",\"https:\/\/www.instagram.com\/fisiocti\/\",\"https:\/\/twitter.com\/https:\/\/www.twitter.com\/fisiocti\/\",\"https:\/\/www.youtube.com\/@fisiocti\"]}]}<\/script>\n<!-- \/ Yoast SEO plugin. -->","yoast_head_json":{"title":"DIAGN\u00d3STICO POR IMAGEM EM PEDIATRIA -REVIS\u00c3O DE CASOS - FisioCTI","robots":{"index":"index","follow":"follow","max-snippet":"max-snippet:-1","max-image-preview":"max-image-preview:large","max-video-preview":"max-video-preview:-1"},"canonical":"https:\/\/fisiocti.com\/site\/cursos\/diagnostico-por-imagem-em-pediatria-revisao-de-casos\/","og_locale":"pt_BR","og_type":"article","og_title":"DIAGN\u00d3STICO POR IMAGEM EM PEDIATRIA -REVIS\u00c3O DE CASOS - FisioCTI","og_description":"Edi\u00e7\u00e3o: 1 Ano: 2006 Idioma: Portugu\u00eas Autor: Cavalcante\/IMIP P\u00e1ginas: 328 Editora: Medbook ISBN: 85-99977-04-0 Encaderna\u00e7\u00e3o: Brochura","og_url":"https:\/\/fisiocti.com\/site\/cursos\/diagnostico-por-imagem-em-pediatria-revisao-de-casos\/","og_site_name":"FisioCTI","article_publisher":"https:\/\/www.facebook.com\/fisiocti\/","article_modified_time":"2017-11-06T14:12:57+00:00","og_image":[{"width":400,"height":600,"url":"https:\/\/fisiocti.com\/site\/wp-content\/uploads\/2017\/04\/CAPA-Diagn\u00f3stico-Por-Imagem-em-Pediatria-Revis\u00e3o-de-Casos.jpg","type":"image\/jpeg"}],"twitter_card":"summary_large_image","schema":{"@context":"https:\/\/schema.org","@graph":[{"@type":"WebPage","@id":"https:\/\/fisiocti.com\/site\/cursos\/diagnostico-por-imagem-em-pediatria-revisao-de-casos\/","url":"https:\/\/fisiocti.com\/site\/cursos\/diagnostico-por-imagem-em-pediatria-revisao-de-casos\/","name":"DIAGN\u00d3STICO POR IMAGEM EM PEDIATRIA -REVIS\u00c3O DE CASOS - FisioCTI","isPartOf":{"@id":"https:\/\/fisiocti.com\/site\/#website"},"datePublished":"2017-04-10T23:48:25+00:00","dateModified":"2017-11-06T14:12:57+00:00","breadcrumb":{"@id":"https:\/\/fisiocti.com\/site\/cursos\/diagnostico-por-imagem-em-pediatria-revisao-de-casos\/#breadcrumb"},"inLanguage":"pt-BR","potentialAction":[{"@type":"ReadAction","target":["https:\/\/fisiocti.com\/site\/cursos\/diagnostico-por-imagem-em-pediatria-revisao-de-casos\/"]}]},{"@type":"BreadcrumbList","@id":"https:\/\/fisiocti.com\/site\/cursos\/diagnostico-por-imagem-em-pediatria-revisao-de-casos\/#breadcrumb","itemListElement":[{"@type":"ListItem","position":1,"name":"In\u00edcio","item":"https:\/\/fisiocti.com\/site\/"},{"@type":"ListItem","position":2,"name":"Produtos","item":"https:\/\/fisiocti.com\/site\/produtos\/"},{"@type":"ListItem","position":3,"name":"DIAGN\u00d3STICO POR IMAGEM EM PEDIATRIA -REVIS\u00c3O DE CASOS"}]},{"@type":"WebSite","@id":"https:\/\/fisiocti.com\/site\/#website","url":"https:\/\/fisiocti.com\/site\/","name":"FisioCTI","description":"Conectando teoria e pr\u00e1tica","publisher":{"@id":"https:\/\/fisiocti.com\/site\/#\/schema\/person\/e41d8e5a7a403cfbceeeb0d19e22ee50"},"potentialAction":[{"@type":"SearchAction","target":{"@type":"EntryPoint","urlTemplate":"https:\/\/fisiocti.com\/site\/?s={search_term_string}"},"query-input":"required name=search_term_string"}],"inLanguage":"pt-BR"},{"@type":["Person","Organization"],"@id":"https:\/\/fisiocti.com\/site\/#\/schema\/person\/e41d8e5a7a403cfbceeeb0d19e22ee50","name":"Elizabeth Cunha","image":{"@type":"ImageObject","inLanguage":"pt-BR","@id":"https:\/\/fisiocti.com\/site\/#\/schema\/person\/image\/","url":"https:\/\/fisiocti.com\/site\/wp-content\/uploads\/2022\/09\/LOGOMARCA-SEM-FUNDO.png","contentUrl":"https:\/\/fisiocti.com\/site\/wp-content\/uploads\/2022\/09\/LOGOMARCA-SEM-FUNDO.png","width":504,"height":504,"caption":"Elizabeth Cunha"},"logo":{"@id":"https:\/\/fisiocti.com\/site\/#\/schema\/person\/image\/"},"sameAs":["https:\/\/www.facebook.com\/fisiocti\/","https:\/\/www.instagram.com\/fisiocti\/","https:\/\/twitter.com\/https:\/\/www.twitter.com\/fisiocti\/","https:\/\/www.youtube.com\/@fisiocti"]}]}},"_links":{"self":[{"href":"https:\/\/fisiocti.com\/site\/wp-json\/wp\/v2\/product\/2020"}],"collection":[{"href":"https:\/\/fisiocti.com\/site\/wp-json\/wp\/v2\/product"}],"about":[{"href":"https:\/\/fisiocti.com\/site\/wp-json\/wp\/v2\/types\/product"}],"replies":[{"embeddable":true,"href":"https:\/\/fisiocti.com\/site\/wp-json\/wp\/v2\/comments?post=2020"}],"wp:featuredmedia":[{"embeddable":true,"href":"https:\/\/fisiocti.com\/site\/wp-json\/wp\/v2\/media\/2022"}],"wp:attachment":[{"href":"https:\/\/fisiocti.com\/site\/wp-json\/wp\/v2\/media?parent=2020"}],"curies":[{"name":"wp","href":"https:\/\/api.w.org\/{rel}","templated":true}]}}